{"id":42,"date":"2014-03-18T07:46:23","date_gmt":"2014-03-18T05:46:23","guid":{"rendered":"http:\/\/www3.elektro-klan.de\/?page_id=42"},"modified":"2018-03-01T13:52:22","modified_gmt":"2018-03-01T12:52:22","slug":"home2","status":"publish","type":"page","link":"http:\/\/www.elektro-klan.de\/?page_id=42","title":{"rendered":"Wir \u00fcber uns"},"content":{"rendered":"<h3><strong>Historie<\/strong><\/h3>\n<p>Horst Klan, 1965 in Bad Reichenhall geboren, 1984 Gesellenpr\u00fcfung und 1993 Meisterpr\u00fcfung bei der Handwerkskammer in M\u00fcnchen.<\/p>\n<div>\n<p>2004 nach K\u00f6ln gekommen und Gr\u00fcndung der Firma Horst Klan Elektrotechnik als Ein-Mann-Betrieb in einer Garage.<\/p>\n<p>2005 erster Mitarbeiter (Helfer)<\/p>\n<p>2006 3 Mitarbeiter, Umzug in neue Gesch\u00e4ftsr\u00e4ume<\/p>\n<p>2007 erster Auszubildender, 5 Mitarbeiter u. a. Christian Wagner<\/p>\n<p>2012 Umzug in neue Gesch\u00e4ftsr\u00e4ume in der Heidestra\u00dfe in K\u00f6ln Wahn<\/p>\n<p>2013 12 Mitarbeiter<\/p>\n<p>2014 Umfirmierung in die Klan &amp; Wagner Elektrotechnik GmbH,<\/p>\n<p>Christian Wagner, 1987 in K\u00f6ln geboren, 2007 Gesellenpr\u00fcfung und 2012 Meisterpr\u00fcfung bei der Handwerkskammer zu K\u00f6ln, wird Gesellschafter.<\/p>\n<p>Gesch\u00e4ftsf\u00fchrer Horst Klan und Christian Wagner<\/p>\n<p>2015 Umzug in die Neuen Gesch\u00e4ftsr\u00e4ume in die St.-\u00c4gidius-Str. 4 in K\u00f6ln Wahn, 17 Mitarbeiter, (5Auszubildende)<\/p>\n<p>Mit der Erfahrung im:<\/p>\n<h4><strong>Wohnungsbau<\/strong><\/h4>\n<p>&gt;400 Wohneinheiten im Neubaubereich<\/p>\n<p>&gt;150 Wohneinheiten im Sanierungsbereich<\/p>\n<h4><strong>Im Gesundheits- und Pflegebereich<\/strong><\/h4>\n<p>Mehreren Zahnarztpraxen, OP-, CT-, MRT-, Herzkatheter-, R\u00f6ntgen-Abteilungen, Bettenstationen, Altenheimen etc. im Neu- und Umbaubereich<\/p>\n<h4><strong>Im Gewerblichen Bereich<\/strong><\/h4>\n<p>Laden Neu- und Umbauten, Lager und Produktionsst\u00e4tten<\/p>\n<h4><strong>Im Schwachstrom- und Sicherheitsbereich<\/strong><\/h4>\n<p>Brandmelde- und Einbruchmeldeanlagen, Datennetzwerke in Kupfer- und Glasfasertechnik, Satelliten- und Kabelempfangsanlagen etc.<\/p>\n<p>&nbsp;<\/p>\n<\/div>\n<p>Sie erhalten auf unseren Internet-Seiten die Gelegenheit, sich selbst ein Bild von unseren Leistungen und unserem Angebot zu machen.<\/p>\n<p>&nbsp;<\/p>\n<div>\n<p style=\"text-align: center;\"><em>Wir freuen uns auf Ihre Anfrage &#8211; nehmen Sie Kontakt zu uns auf!<\/em><\/p>\n<\/div>\n<h4 style=\"text-align: center;\">Es freut sich darauf das gesamte Team<\/h4>\n<p><a href=\"http:\/\/www.elektro-klan.de\/wp-content\/uploads\/2015\/11\/DSCF7461.jpg\"><img loading=\"lazy\" decoding=\"async\" class=\"aligncenter wp-image-601 size-full\" src=\"http:\/\/www.elektro-klan.de\/wp-content\/uploads\/2015\/11\/DSCF7461.jpg\" width=\"2592\" height=\"1944\" srcset=\"http:\/\/www.elektro-klan.de\/wp-content\/uploads\/2015\/11\/DSCF7461.jpg 2592w, http:\/\/www.elektro-klan.de\/wp-content\/uploads\/2015\/11\/DSCF7461-300x225.jpg 300w, http:\/\/www.elektro-klan.de\/wp-content\/uploads\/2015\/11\/DSCF7461-768x576.jpg 768w, http:\/\/www.elektro-klan.de\/wp-content\/uploads\/2015\/11\/DSCF7461-1024x768.jpg 1024w\" sizes=\"auto, (max-width: 2592px) 100vw, 2592px\" \/><\/a><\/p>\n<p>&nbsp;<\/p>\n<p style=\"text-align: center;\">Meisterbetrieb Klan &amp; Wagner Elektrotechnik GmbH \u2022 Sankt-\u00c4gidius-Stra\u00dfe 4\u00a0\u2022 51147 K\u00f6ln<br \/>\nTelefon: 02203 \/ 599182 \u2022 Telefax: 02203 \/ 599183<br \/>\n\u00a9 2014 Klan &amp; Wagner Elektrotechnik GmbH<\/p>\n","protected":false},"excerpt":{"rendered":"<p>Historie Horst Klan, 1965 in Bad Reichenhall geboren, 1984 Gesellenpr\u00fcfung und 1993 Meisterpr\u00fcfung bei der Handwerkskammer in M\u00fcnchen. 2004 nach K\u00f6ln gekommen und Gr\u00fcndung der [&#8230;]<\/p>\n","protected":false},"author":1,"featured_media":0,"parent":0,"menu_order":0,"comment_status":"closed","ping_status":"closed","template":"template-fullwidth.php","meta":{"footnotes":""},"class_list":["post-42","page","type-page","status-publish","hentry"],"_links":{"self":[{"href":"http:\/\/www.elektro-klan.de\/index.php?rest_route=\/wp\/v2\/pages\/42","targetHints":{"allow":["GET"]}}],"collection":[{"href":"http:\/\/www.elektro-klan.de\/index.php?rest_route=\/wp\/v2\/pages"}],"about":[{"href":"http:\/\/www.elektro-klan.de\/index.php?rest_route=\/wp\/v2\/types\/page"}],"author":[{"embeddable":true,"href":"http:\/\/www.elektro-klan.de\/index.php?rest_route=\/wp\/v2\/users\/1"}],"replies":[{"embeddable":true,"href":"http:\/\/www.elektro-klan.de\/index.php?rest_route=%2Fwp%2Fv2%2Fcomments&post=42"}],"version-history":[{"count":14,"href":"http:\/\/www.elektro-klan.de\/index.php?rest_route=\/wp\/v2\/pages\/42\/revisions"}],"predecessor-version":[{"id":686,"href":"http:\/\/www.elektro-klan.de\/index.php?rest_route=\/wp\/v2\/pages\/42\/revisions\/686"}],"wp:attachment":[{"href":"http:\/\/www.elektro-klan.de\/index.php?rest_route=%2Fwp%2Fv2%2Fmedia&parent=42"}],"curies":[{"name":"wp","href":"https:\/\/api.w.org\/{rel}","templated":true}]}}

Wir über uns

<h3><strong>Historie</strong></h3>
<p>Horst Klan, 1965 in Bad Reichenhall geboren, 1984 Gesellenprüfung und 1993 Meisterprüfung bei der Handwerkskammer in München.</p>
<div>
<p>2004 nach Köln gekommen und Gründung der Firma Horst Klan Elektrotechnik als Ein-Mann-Betrieb in einer Garage.</p>
<p>2005 erster Mitarbeiter (Helfer)</p>
<p>2006 3 Mitarbeiter, Umzug in neue Geschäftsräume</p>
<p>2007 erster Auszubildender, 5 Mitarbeiter u. a. Christian Wagner</p>
<p>2012 Umzug in neue Geschäftsräume in der Heidestraße in Köln Wahn</p>
<p>2013 12 Mitarbeiter</p>
<p>2014 Umfirmierung in die Klan &amp; Wagner Elektrotechnik GmbH,</p>
<p>Christian Wagner, 1987 in Köln geboren, 2007 Gesellenprüfung und 2012 Meisterprüfung bei der Handwerkskammer zu Köln, wird Gesellschafter.</p>
<p>Geschäftsführer Horst Klan und Christian Wagner</p>
<p>2015 Umzug in die Neuen Geschäftsräume in die St.-Ägidius-Str. 4 in Köln Wahn, 17 Mitarbeiter, (5Auszubildende)</p>
<p>Mit der Erfahrung im:</p>
<h4><strong>Wohnungsbau</strong></h4>
<p>&gt;400 Wohneinheiten im Neubaubereich</p>
<p>&gt;150 Wohneinheiten im Sanierungsbereich</p>
<h4><strong>Im Gesundheits- und Pflegebereich</strong></h4>
<p>Mehreren Zahnarztpraxen, OP-, CT-, MRT-, Herzkatheter-, Röntgen-Abteilungen, Bettenstationen, Altenheimen etc. im Neu- und Umbaubereich</p>
<h4><strong>Im Gewerblichen Bereich</strong></h4>
<p>Laden Neu- und Umbauten, Lager und Produktionsstätten</p>
<h4><strong>Im Schwachstrom- und Sicherheitsbereich</strong></h4>
<p>Brandmelde- und Einbruchmeldeanlagen, Datennetzwerke in Kupfer- und Glasfasertechnik, Satelliten- und Kabelempfangsanlagen etc.</p>
<p>&nbsp;</p>
</div>
<p>Sie erhalten auf unseren Internet-Seiten die Gelegenheit, sich selbst ein Bild von unseren Leistungen und unserem Angebot zu machen.</p>
<p>&nbsp;</p>
<div>
<p style="text-align: center;"><em>Wir freuen uns auf Ihre Anfrage &#8211; nehmen Sie Kontakt zu uns auf!</em></p>
</div>
<h4 style="text-align: center;">Es freut sich darauf das gesamte Team</h4>
<p><a href="http://www.elektro-klan.de/wp-content/uploads/2015/11/DSCF7461.jpg"><img loading="lazy" decoding="async" class="aligncenter wp-image-601 size-full" src="http://www.elektro-klan.de/wp-content/uploads/2015/11/DSCF7461.jpg" width="2592" height="1944" srcset="http://www.elektro-klan.de/wp-content/uploads/2015/11/DSCF7461.jpg 2592w, http://www.elektro-klan.de/wp-content/uploads/2015/11/DSCF7461-300x225.jpg 300w, http://www.elektro-klan.de/wp-content/uploads/2015/11/DSCF7461-768x576.jpg 768w, http://www.elektro-klan.de/wp-content/uploads/2015/11/DSCF7461-1024x768.jpg 1024w" sizes="auto, (max-width: 2592px) 100vw, 2592px" /></a></p>
<p>&nbsp;</p>
<p style="text-align: center;">Meisterbetrieb Klan &amp; Wagner Elektrotechnik GmbH • Sankt-Ägidius-Straße 4 • 51147 Köln<br />
Telefon: 02203 / 599182 • Telefax: 02203 / 599183<br />
© 2014 Klan &amp; Wagner Elektrotechnik GmbH</p>

<p>Historie Horst Klan, 1965 in Bad Reichenhall geboren, 1984 Gesellenprüfung und 1993 Meisterprüfung bei der Handwerkskammer in München. 2004 nach Köln gekommen und Gründung der [&#8230;]</p>
